{"id":648,"date":"2015-06-23T13:12:51","date_gmt":"2015-06-23T11:12:51","guid":{"rendered":"https:\/\/cechzdunskawola.pl\/?page_id=648"},"modified":"2016-06-14T13:31:16","modified_gmt":"2016-06-14T11:31:16","slug":"swieto-niepodleglosci-11-11-2014-r","status":"publish","type":"page","link":"https:\/\/cechzdunskawola.pl\/?page_id=648","title":{"rendered":"\u015awi\u0119to Niepodleg\u0142o\u015bci 11.11.2014 r."},"content":{"rendered":"<h3><strong>\u015awi\u0119to Niepodleg\u0142o\u015bci 11.11.2014 r.<\/strong><\/h3>\n<figure id=\"attachment_432\" aria-describedby=\"caption-attachment-432\" style=\"width: 300px\" class=\"wp-caption aligncenter\"><a href=\"https:\/\/cechzdunskawola.pl\/wp-content\/uploads\/2012\/12\/11.11.2013.jpg\"><img loading=\"lazy\" decoding=\"async\" class=\"size-medium wp-image-432\" src=\"https:\/\/cechzdunskawola.pl\/wp-content\/uploads\/2012\/12\/11.11.2013-300x225.jpg\" alt=\"\u015awi\u0119to Niepodleg\u0142o\u015bci 11.11.2014 r.\" width=\"300\" height=\"225\" srcset=\"https:\/\/cechzdunskawola.pl\/wp-content\/uploads\/2012\/12\/11.11.2013-300x225.jpg 300w, https:\/\/cechzdunskawola.pl\/wp-content\/uploads\/2012\/12\/11.11.2013-1024x768.jpg 1024w, https:\/\/cechzdunskawola.pl\/wp-content\/uploads\/2012\/12\/11.11.2013.jpg 1440w\" sizes=\"(max-width: 300px) 100vw, 300px\" \/><\/a><figcaption id=\"caption-attachment-432\" class=\"wp-caption-text\">\u015awi\u0119to Niepodleg\u0142o\u015bci 11.11.2014 r.<\/figcaption><\/figure>\n<figure id=\"attachment_431\" aria-describedby=\"caption-attachment-431\" style=\"width: 300px\" class=\"wp-caption aligncenter\"><a href=\"https:\/\/cechzdunskawola.pl\/wp-content\/uploads\/2012\/12\/11-listopada-2013.jpg\"><img loading=\"lazy\" decoding=\"async\" class=\"size-medium wp-image-431\" src=\"https:\/\/cechzdunskawola.pl\/wp-content\/uploads\/2012\/12\/11-listopada-2013-300x225.jpg\" alt=\"\u015awi\u0119to Niepodleg\u0142o\u015bci 11.11.2014 r.\" width=\"300\" height=\"225\" srcset=\"https:\/\/cechzdunskawola.pl\/wp-content\/uploads\/2012\/12\/11-listopada-2013-300x225.jpg 300w, https:\/\/cechzdunskawola.pl\/wp-content\/uploads\/2012\/12\/11-listopada-2013-1024x768.jpg 1024w, https:\/\/cechzdunskawola.pl\/wp-content\/uploads\/2012\/12\/11-listopada-2013.jpg 1440w\" sizes=\"(max-width: 300px) 100vw, 300px\" \/><\/a><figcaption id=\"caption-attachment-431\" class=\"wp-caption-text\">\u015awi\u0119to Niepodleg\u0142o\u015bci 11.11.2014 r.<\/figcaption><\/figure>\n<figure id=\"attachment_433\" aria-describedby=\"caption-attachment-433\" style=\"width: 300px\" class=\"wp-caption aligncenter\"><a href=\"https:\/\/cechzdunskawola.pl\/wp-content\/uploads\/2012\/12\/poczet-sztandarowy-11.11.2013.jpg\"><img loading=\"lazy\" decoding=\"async\" class=\"size-medium wp-image-433\" src=\"https:\/\/cechzdunskawola.pl\/wp-content\/uploads\/2012\/12\/poczet-sztandarowy-11.11.2013-300x225.jpg\" alt=\"\u015awi\u0119to Niepodleg\u0142o\u015bci 11.11.2014 r.\" width=\"300\" height=\"225\" srcset=\"https:\/\/cechzdunskawola.pl\/wp-content\/uploads\/2012\/12\/poczet-sztandarowy-11.11.2013-300x225.jpg 300w, https:\/\/cechzdunskawola.pl\/wp-content\/uploads\/2012\/12\/poczet-sztandarowy-11.11.2013-1024x768.jpg 1024w, https:\/\/cechzdunskawola.pl\/wp-content\/uploads\/2012\/12\/poczet-sztandarowy-11.11.2013.jpg 1440w\" sizes=\"(max-width: 300px) 100vw, 300px\" \/><\/a><figcaption id=\"caption-attachment-433\" class=\"wp-caption-text\">\u015awi\u0119to Niepodleg\u0142o\u015bci 11.11.2014 r.<\/figcaption><\/figure>\n","protected":false},"excerpt":{"rendered":"<p>\u015awi\u0119to Niepodleg\u0142o\u015bci 11.11.2014 r.<\/p>\n","protected":false},"author":1,"featured_media":0,"parent":67,"menu_order":3,"comment_status":"closed","ping_status":"closed","template":"","meta":{"pgc_sgb_lightbox_settings":"","footnotes":""},"_links":{"self":[{"href":"https:\/\/cechzdunskawola.pl\/index.php?rest_route=\/wp\/v2\/pages\/648"}],"collection":[{"href":"https:\/\/cechzdunskawola.pl\/index.php?rest_route=\/wp\/v2\/pages"}],"about":[{"href":"https:\/\/cechzdunskawola.pl\/index.php?rest_route=\/wp\/v2\/types\/page"}],"author":[{"embeddable":true,"href":"https:\/\/cechzdunskawola.pl\/index.php?rest_route=\/wp\/v2\/users\/1"}],"replies":[{"embeddable":true,"href":"https:\/\/cechzdunskawola.pl\/index.php?rest_route=%2Fwp%2Fv2%2Fcomments&post=648"}],"version-history":[{"count":3,"href":"https:\/\/cechzdunskawola.pl\/index.php?rest_route=\/wp\/v2\/pages\/648\/revisions"}],"predecessor-version":[{"id":827,"href":"https:\/\/cechzdunskawola.pl\/index.php?rest_route=\/wp\/v2\/pages\/648\/revisions\/827"}],"up":[{"embeddable":true,"href":"https:\/\/cechzdunskawola.pl\/index.php?rest_route=\/wp\/v2\/pages\/67"}],"wp:attachment":[{"href":"https:\/\/cechzdunskawola.pl\/index.php?rest_route=%2Fwp%2Fv2%2Fmedia&parent=648"}],"curies":[{"name":"wp","href":"https:\/\/api.w.org\/{rel}","templated":true}]}}