{"id":646,"date":"2015-06-23T13:11:28","date_gmt":"2015-06-23T11:11:28","guid":{"rendered":"https:\/\/cechzdunskawola.pl\/?page_id=646"},"modified":"2016-06-14T13:30:04","modified_gmt":"2016-06-14T11:30:04","slug":"100-lecie-rzemiosla-zdunskowolskiego-06-10-2012-r","status":"publish","type":"page","link":"https:\/\/cechzdunskawola.pl\/?page_id=646","title":{"rendered":"100 &#8211; lecie Rzemios\u0142a Zdu\u0144skowolskiego 06.10.2012 r."},"content":{"rendered":"<h3>100 &#8211; lecie Rzemios\u0142a Zdu\u0144skowolskiego 06.10.2012 r.<\/h3>\n<figure id=\"attachment_386\" aria-describedby=\"caption-attachment-386\" style=\"width: 300px\" class=\"wp-caption aligncenter\"><a href=\"https:\/\/cechzdunskawola.pl\/wp-content\/uploads\/2013\/04\/IMG_9189.jpg\"><img loading=\"lazy\" decoding=\"async\" class=\"size-medium wp-image-386\" src=\"https:\/\/cechzdunskawola.pl\/wp-content\/uploads\/2013\/04\/IMG_9189-300x200.jpg\" alt=\"100 lecie Rzemios\u0142a\" width=\"300\" height=\"200\" srcset=\"https:\/\/cechzdunskawola.pl\/wp-content\/uploads\/2013\/04\/IMG_9189-300x200.jpg 300w, https:\/\/cechzdunskawola.pl\/wp-content\/uploads\/2013\/04\/IMG_9189-1024x682.jpg 1024w\" sizes=\"(max-width: 300px) 100vw, 300px\" \/><\/a><figcaption id=\"caption-attachment-386\" class=\"wp-caption-text\">100 lecie Rzemios\u0142a<\/figcaption><\/figure>\n<p>&nbsp;<\/p>\n<figure id=\"attachment_83\" aria-describedby=\"caption-attachment-83\" style=\"width: 300px\" class=\"wp-caption aligncenter\"><a href=\"https:\/\/cechzdunskawola.pl\/wp-content\/uploads\/2012\/12\/IMG92981.jpg\"><img loading=\"lazy\" decoding=\"async\" class=\"size-medium wp-image-83\" src=\"https:\/\/cechzdunskawola.pl\/wp-content\/uploads\/2012\/12\/IMG92981-300x200.jpg\" alt=\"100 lecie Rzemios\u0142a\" width=\"300\" height=\"200\" srcset=\"https:\/\/cechzdunskawola.pl\/wp-content\/uploads\/2012\/12\/IMG92981-300x200.jpg 300w, https:\/\/cechzdunskawola.pl\/wp-content\/uploads\/2012\/12\/IMG92981.jpg 850w\" sizes=\"(max-width: 300px) 100vw, 300px\" \/><\/a><figcaption id=\"caption-attachment-83\" class=\"wp-caption-text\">100 lecie Rzemios\u0142a<\/figcaption><\/figure>\n<figure id=\"attachment_84\" aria-describedby=\"caption-attachment-84\" style=\"width: 300px\" class=\"wp-caption aligncenter\"><a href=\"https:\/\/cechzdunskawola.pl\/wp-content\/uploads\/2012\/12\/IMG93211.jpg\"><img loading=\"lazy\" decoding=\"async\" class=\"size-medium wp-image-84\" src=\"https:\/\/cechzdunskawola.pl\/wp-content\/uploads\/2012\/12\/IMG93211-300x200.jpg\" alt=\"100 lecie Rzemios\u0142a\" width=\"300\" height=\"200\" srcset=\"https:\/\/cechzdunskawola.pl\/wp-content\/uploads\/2012\/12\/IMG93211-300x200.jpg 300w, https:\/\/cechzdunskawola.pl\/wp-content\/uploads\/2012\/12\/IMG93211.jpg 850w\" sizes=\"(max-width: 300px) 100vw, 300px\" \/><\/a><figcaption id=\"caption-attachment-84\" class=\"wp-caption-text\">100 lecie Rzemios\u0142a<\/figcaption><\/figure>\n<figure id=\"attachment_80\" aria-describedby=\"caption-attachment-80\" style=\"width: 300px\" class=\"wp-caption aligncenter\"><a href=\"https:\/\/cechzdunskawola.pl\/wp-content\/uploads\/2012\/12\/IMG92091.jpg\"><img loading=\"lazy\" decoding=\"async\" class=\"size-medium wp-image-80\" src=\"https:\/\/cechzdunskawola.pl\/wp-content\/uploads\/2012\/12\/IMG92091-300x200.jpg\" alt=\"100 lecie Rzemios\u0142a\" width=\"300\" height=\"200\" srcset=\"https:\/\/cechzdunskawola.pl\/wp-content\/uploads\/2012\/12\/IMG92091-300x200.jpg 300w, https:\/\/cechzdunskawola.pl\/wp-content\/uploads\/2012\/12\/IMG92091.jpg 850w\" sizes=\"(max-width: 300px) 100vw, 300px\" \/><\/a><figcaption id=\"caption-attachment-80\" class=\"wp-caption-text\">100 lecie Rzemios\u0142a<\/figcaption><\/figure>\n<figure id=\"attachment_82\" aria-describedby=\"caption-attachment-82\" style=\"width: 300px\" class=\"wp-caption aligncenter\"><a href=\"https:\/\/cechzdunskawola.pl\/wp-content\/uploads\/2012\/12\/IMG92301.jpg\"><img loading=\"lazy\" decoding=\"async\" class=\"size-medium wp-image-82\" src=\"https:\/\/cechzdunskawola.pl\/wp-content\/uploads\/2012\/12\/IMG92301-300x200.jpg\" alt=\"100 lecie Rzemios\u0142a\" width=\"300\" height=\"200\" srcset=\"https:\/\/cechzdunskawola.pl\/wp-content\/uploads\/2012\/12\/IMG92301-300x200.jpg 300w, https:\/\/cechzdunskawola.pl\/wp-content\/uploads\/2012\/12\/IMG92301.jpg 850w\" sizes=\"(max-width: 300px) 100vw, 300px\" \/><\/a><figcaption id=\"caption-attachment-82\" class=\"wp-caption-text\">100 lecie Rzemios\u0142a<\/figcaption><\/figure>\n<figure id=\"attachment_81\" aria-describedby=\"caption-attachment-81\" style=\"width: 300px\" class=\"wp-caption aligncenter\"><a href=\"https:\/\/cechzdunskawola.pl\/wp-content\/uploads\/2012\/12\/IMG92191.jpg\"><img loading=\"lazy\" decoding=\"async\" class=\"size-medium wp-image-81\" src=\"https:\/\/cechzdunskawola.pl\/wp-content\/uploads\/2012\/12\/IMG92191-300x200.jpg\" alt=\"100 lecie Rzemios\u0142a\" width=\"300\" height=\"200\" srcset=\"https:\/\/cechzdunskawola.pl\/wp-content\/uploads\/2012\/12\/IMG92191-300x200.jpg 300w, https:\/\/cechzdunskawola.pl\/wp-content\/uploads\/2012\/12\/IMG92191.jpg 850w\" sizes=\"(max-width: 300px) 100vw, 300px\" \/><\/a><figcaption id=\"caption-attachment-81\" class=\"wp-caption-text\">100 lecie Rzemios\u0142a<\/figcaption><\/figure>\n<figure id=\"attachment_79\" aria-describedby=\"caption-attachment-79\" style=\"width: 300px\" class=\"wp-caption aligncenter\"><a href=\"https:\/\/cechzdunskawola.pl\/wp-content\/uploads\/2012\/12\/IMG92031.jpg\"><img loading=\"lazy\" decoding=\"async\" class=\"size-medium wp-image-79\" src=\"https:\/\/cechzdunskawola.pl\/wp-content\/uploads\/2012\/12\/IMG92031-300x200.jpg\" alt=\"100 lecie Rzemios\u0142a\" width=\"300\" height=\"200\" srcset=\"https:\/\/cechzdunskawola.pl\/wp-content\/uploads\/2012\/12\/IMG92031-300x200.jpg 300w, https:\/\/cechzdunskawola.pl\/wp-content\/uploads\/2012\/12\/IMG92031.jpg 850w\" sizes=\"(max-width: 300px) 100vw, 300px\" \/><\/a><figcaption id=\"caption-attachment-79\" class=\"wp-caption-text\">100 lecie Rzemios\u0142a<\/figcaption><\/figure>\n<figure id=\"attachment_78\" aria-describedby=\"caption-attachment-78\" style=\"width: 300px\" class=\"wp-caption aligncenter\"><a href=\"https:\/\/cechzdunskawola.pl\/wp-content\/uploads\/2012\/12\/IMG92021.jpg\"><img loading=\"lazy\" decoding=\"async\" class=\"size-medium wp-image-78\" src=\"https:\/\/cechzdunskawola.pl\/wp-content\/uploads\/2012\/12\/IMG92021-300x200.jpg\" alt=\"100 lecie Rzemios\u0142a\" width=\"300\" height=\"200\" srcset=\"https:\/\/cechzdunskawola.pl\/wp-content\/uploads\/2012\/12\/IMG92021-300x200.jpg 300w, https:\/\/cechzdunskawola.pl\/wp-content\/uploads\/2012\/12\/IMG92021.jpg 850w\" sizes=\"(max-width: 300px) 100vw, 300px\" \/><\/a><figcaption id=\"caption-attachment-78\" class=\"wp-caption-text\">100 lecie Rzemios\u0142a<\/figcaption><\/figure>\n<p><a href=\"https:\/\/cechzdunskawola.pl\/wp-content\/uploads\/2012\/12\/ksiega.jpg\"><img loading=\"lazy\" decoding=\"async\" class=\"aligncenter size-medium wp-image-41\" src=\"https:\/\/cechzdunskawola.pl\/wp-content\/uploads\/2012\/12\/ksiega-300x140.jpg\" alt=\"ksiega\" width=\"300\" height=\"140\" srcset=\"https:\/\/cechzdunskawola.pl\/wp-content\/uploads\/2012\/12\/ksiega-300x140.jpg 300w, https:\/\/cechzdunskawola.pl\/wp-content\/uploads\/2012\/12\/ksiega.jpg 610w\" sizes=\"(max-width: 300px) 100vw, 300px\" \/><\/a><\/p>\n","protected":false},"excerpt":{"rendered":"<p>100 &#8211; lecie Rzemios\u0142a Zdu\u0144skowolskiego 06.10.2012 r. &nbsp;<\/p>\n","protected":false},"author":1,"featured_media":41,"parent":67,"menu_order":1,"comment_status":"closed","ping_status":"closed","template":"","meta":{"pgc_sgb_lightbox_settings":"","footnotes":""},"_links":{"self":[{"href":"https:\/\/cechzdunskawola.pl\/index.php?rest_route=\/wp\/v2\/pages\/646"}],"collection":[{"href":"https:\/\/cechzdunskawola.pl\/index.php?rest_route=\/wp\/v2\/pages"}],"about":[{"href":"https:\/\/cechzdunskawola.pl\/index.php?rest_route=\/wp\/v2\/types\/page"}],"author":[{"embeddable":true,"href":"https:\/\/cechzdunskawola.pl\/index.php?rest_route=\/wp\/v2\/users\/1"}],"replies":[{"embeddable":true,"href":"https:\/\/cechzdunskawola.pl\/index.php?rest_route=%2Fwp%2Fv2%2Fcomments&post=646"}],"version-history":[{"count":7,"href":"https:\/\/cechzdunskawola.pl\/index.php?rest_route=\/wp\/v2\/pages\/646\/revisions"}],"predecessor-version":[{"id":826,"href":"https:\/\/cechzdunskawola.pl\/index.php?rest_route=\/wp\/v2\/pages\/646\/revisions\/826"}],"up":[{"embeddable":true,"href":"https:\/\/cechzdunskawola.pl\/index.php?rest_route=\/wp\/v2\/pages\/67"}],"wp:featuredmedia":[{"embeddable":true,"href":"https:\/\/cechzdunskawola.pl\/index.php?rest_route=\/wp\/v2\/media\/41"}],"wp:attachment":[{"href":"https:\/\/cechzdunskawola.pl\/index.php?rest_route=%2Fwp%2Fv2%2Fmedia&parent=646"}],"curies":[{"name":"wp","href":"https:\/\/api.w.org\/{rel}","templated":true}]}}