{"id":326,"date":"2013-04-16T08:25:38","date_gmt":"2013-04-16T06:25:38","guid":{"rendered":"https:\/\/cechzdunskawola.pl\/?page_id=326"},"modified":"2025-12-12T09:08:43","modified_gmt":"2025-12-12T08:08:43","slug":"wynagrodzenie-uczniow","status":"publish","type":"page","link":"https:\/\/cechzdunskawola.pl\/?page_id=326","title":{"rendered":"WYNAGRODZENIE UCZNI\u00d3W"},"content":{"rendered":"<p><span style=\"color: #ff0000;\"><strong>NAUKA ZAWODU\u00a0 &#8211; Uczniowie Bran\u017cowej Szko\u0142y I Stopnia oraz POZASZKOLNI &#8211; KURSOWI<\/strong><\/span><\/p>\n<article class=\"td9\">\n<header><\/header>\n<header><span style=\"color: #000000;\"><strong><u>Wysoko\u015b\u0107 wynagrodzenia i sk\u0142adek na ubezpieczenia spo\u0142eczne<\/u><\/strong><\/span><\/header>\n<header><span style=\"color: #000000;\"><strong><u> pracownik\u00f3w m\u0142odocianych<\/u><\/strong><\/span><\/p>\n<p style=\"text-align: center;\"><span style=\"color: #ff0000;\"><strong><u>od 01.12.2025 r. do 28.02.2026 r.<\/u><\/strong><\/span><\/p>\n<p style=\"text-align: center;\"><span style=\"color: #0000ff;\"><strong><u>PRACA W MIEJSCU ZAMIESZKANIA<\/u><\/strong><\/span><\/p>\n<table style=\"height: 1142px;\" width=\"717\">\n<tbody>\n<tr>\n<td width=\"141\">\n<p style=\"text-align: center;\"><strong>Rok nauki<\/strong><\/p>\n<\/td>\n<td width=\"122\">\n<p style=\"text-align: center;\"><strong>Podstawa wymiaru<\/strong><\/p>\n<p style=\"text-align: center;\"><strong>BRUTTO<\/strong><\/p>\n<\/td>\n<td width=\"163\"><strong>Rodzaj ubezpieczenia<\/strong><\/td>\n<td colspan=\"3\" width=\"290\"><strong>Sk\u0142adki na ubezpieczenie spo\u0142eczne<\/strong><\/td>\n<\/tr>\n<tr>\n<td colspan=\"3\" width=\"427\"><\/td>\n<td colspan=\"2\" width=\"147\"><strong>P\u0142atnik<\/strong><\/td>\n<td width=\"143\"><strong>Ubezpieczony<\/strong><\/td>\n<\/tr>\n<tr>\n<td rowspan=\"5\" width=\"141\">\n<p style=\"text-align: center;\"><strong>I rok<\/strong><\/p>\n<p style=\"text-align: center;\"><strong>\u00a08%<\/strong><\/p>\n<\/td>\n<td rowspan=\"5\" width=\"122\">\n<p style=\"text-align: center;\"><strong>701,74 z\u0142<\/strong><\/p>\n<p style=\"text-align: center;\"><span style=\"color: #ff0000;\"><strong>DO WYP\u0141ATY:<\/strong><\/span><\/p>\n<p style=\"text-align: center;\"><span style=\"color: #ff0000;\"><strong>588,77 Z\u0141<\/strong><\/span><\/p>\n<\/td>\n<td width=\"163\">emerytalne<\/td>\n<td colspan=\"2\" width=\"147\">68,49<\/td>\n<td width=\"143\">68,49<\/td>\n<\/tr>\n<tr>\n<td width=\"163\">rentowe<\/td>\n<td colspan=\"2\" width=\"147\">45,61<\/td>\n<td width=\"143\">10,53<\/td>\n<\/tr>\n<tr>\n<td width=\"163\">chorobowe<\/td>\n<td colspan=\"2\" width=\"147\">&#8211;<\/td>\n<td width=\"143\">17,19<\/td>\n<\/tr>\n<tr>\n<td width=\"163\">wypadkowe (1,67%)<\/td>\n<td colspan=\"2\" width=\"147\">11,72<\/td>\n<td width=\"143\">&#8211;<\/td>\n<\/tr>\n<tr>\n<td width=\"163\">sk\u0142adka zdrowotna<\/td>\n<td colspan=\"2\" width=\"147\">&#8211;<\/td>\n<td width=\"143\">16,76<\/td>\n<\/tr>\n<tr>\n<td colspan=\"6\" width=\"717\"><\/td>\n<\/tr>\n<tr>\n<td rowspan=\"5\" width=\"141\">\n<p style=\"text-align: center;\"><strong>II rok\u00a0<\/strong><\/p>\n<p style=\"text-align: center;\"><strong>\u00a09%<\/strong><\/p>\n<\/td>\n<td rowspan=\"5\" width=\"122\">\n<p style=\"text-align: center;\"><strong>789,45<\/strong>\u00a0<strong>z\u0142<\/strong><\/p>\n<p style=\"text-align: center;\"><span style=\"color: #ff0000;\"><strong>DO WYP\u0141ATY:<\/strong><\/span><\/p>\n<p style=\"text-align: center;\"><span style=\"color: #ff0000;\"><strong>651,71 Z\u0141<\/strong><\/span><\/p>\n<\/td>\n<td width=\"163\">emerytalne<\/td>\n<td colspan=\"2\" width=\"147\">77,05<\/td>\n<td width=\"143\">77,05<\/td>\n<\/tr>\n<tr>\n<td width=\"163\">rentowe<\/td>\n<td colspan=\"2\" width=\"147\">51,31<\/td>\n<td width=\"143\">11,84<\/td>\n<\/tr>\n<tr>\n<td width=\"163\">chorobowe<\/td>\n<td colspan=\"2\" width=\"147\">&#8211;<\/td>\n<td width=\"143\">19,34<\/td>\n<\/tr>\n<tr>\n<td width=\"163\">wypadkowe (1,67%)<\/td>\n<td colspan=\"2\" width=\"147\">13,18<\/td>\n<td width=\"143\">&#8211;<\/td>\n<\/tr>\n<tr>\n<td width=\"163\">sk\u0142adka zdrowotna<\/td>\n<td colspan=\"2\" width=\"147\">&#8211;<\/td>\n<td width=\"143\">29,51<\/td>\n<\/tr>\n<tr>\n<td colspan=\"6\" width=\"717\"><\/td>\n<\/tr>\n<tr>\n<td rowspan=\"5\" width=\"141\">\n<p style=\"text-align: center;\"><strong>III rok <\/strong><\/p>\n<p style=\"text-align: center;\"><strong>10%<\/strong><\/p>\n<\/td>\n<td rowspan=\"5\" width=\"122\">\n<p style=\"text-align: center;\"><strong>877,17 z\u0142<\/strong><\/p>\n<p style=\"text-align: center;\"><span style=\"color: #ff0000;\"><strong>DO WYP\u0141ATY:<\/strong><\/span><\/p>\n<p style=\"text-align: center;\"><span style=\"color: #ff0000;\"><strong>714,48 Z\u0141<\/strong><\/span><\/p>\n<\/td>\n<td width=\"163\">Emerytalne<\/td>\n<td colspan=\"2\" width=\"147\">85,61<\/td>\n<td width=\"143\">85,61<\/td>\n<\/tr>\n<tr>\n<td width=\"163\">rentowe<\/td>\n<td colspan=\"2\" width=\"147\">57,02<\/td>\n<td width=\"143\">13,16<\/td>\n<\/tr>\n<tr>\n<td width=\"163\">chorobowe<\/td>\n<td colspan=\"2\" width=\"147\">&#8211;<\/td>\n<td width=\"143\">21,49<\/td>\n<\/tr>\n<tr>\n<td width=\"163\">wypadkowe (1,67%)<\/td>\n<td colspan=\"2\" width=\"147\">14,65<\/td>\n<td width=\"143\">&#8211;<\/td>\n<\/tr>\n<tr>\n<td width=\"163\">sk\u0142adka zdrowotna<\/td>\n<td width=\"143\">&#8211;<\/td>\n<td colspan=\"2\" width=\"147\">42,43<\/td>\n<\/tr>\n<tr>\n<td colspan=\"6\" width=\"717\">\n<h4><\/h4>\n<h4><span style=\"color: #ff0000;\"><strong>PRZYUCZENIE DO ZAWODU &#8211; Uczniowie, kt\u00f3rzy NIE uko\u0144czyli Szko\u0142y Podstawowej<\/strong><\/span><\/h4>\n<\/td>\n<\/tr>\n<tr>\n<td rowspan=\"5\" width=\"141\">\n<p style=\"text-align: center;\">\u00a0<strong>PRZYUCZENIE do wykonywania okre\u015blonej pracy<\/strong><\/p>\n<p style=\"text-align: center;\"><strong>7%<\/strong><\/p>\n<\/td>\n<td rowspan=\"5\" width=\"122\">\n<p style=\"text-align: center;\"><strong>614,02 z\u0142<\/strong><\/p>\n<p style=\"text-align: center;\"><span style=\"color: #ff0000;\"><strong>DO WYP\u0141ATY:<\/strong><\/span><\/p>\n<p style=\"text-align: center;\"><span style=\"color: #ff0000;\"><strong>526,00 Z\u0141<\/strong><\/span><\/p>\n<\/td>\n<td width=\"163\">emerytalne<\/td>\n<td colspan=\"2\" width=\"147\">59,93<\/td>\n<td width=\"143\">59,93<\/td>\n<\/tr>\n<tr>\n<td width=\"163\">rentowe<\/td>\n<td colspan=\"2\" width=\"147\">39,91<\/td>\n<td width=\"143\">9,21<\/td>\n<\/tr>\n<tr>\n<td width=\"163\">chorobowe<\/td>\n<td colspan=\"2\" width=\"147\">&#8211;<\/td>\n<td width=\"143\">15,04<\/td>\n<\/tr>\n<tr>\n<td width=\"163\">wypadkowe (1,67%)<\/td>\n<td colspan=\"2\" width=\"147\">10,25<\/td>\n<td width=\"143\">&#8211;<\/td>\n<\/tr>\n<tr>\n<td width=\"163\">sk\u0142adka zdrowotna<\/td>\n<td colspan=\"2\" width=\"147\">&#8211;<\/td>\n<td width=\"143\">3,84<\/td>\n<\/tr>\n<tr>\n<td colspan=\"6\" width=\"717\"><\/td>\n<\/tr>\n<tr>\n<td width=\"141\"><\/td>\n<td width=\"122\"><\/td>\n<td><\/td>\n<td><\/td>\n<td><\/td>\n<td><\/td>\n<\/tr>\n<\/tbody>\n<\/table>\n<h4><\/h4>\n<p style=\"text-align: center;\"><span style=\"color: #000000;\"><strong><u>Wysoko\u015b\u0107 wynagrodzenia i sk\u0142adek na ubezpieczenia spo\u0142eczne <\/u><\/strong><\/span><\/p>\n<p style=\"text-align: center;\"><span style=\"color: #000000;\"><strong><u>pracownik\u00f3w m\u0142odocianych<\/u><\/strong><\/span><\/p>\n<p style=\"text-align: center;\"><span style=\"color: #ff0000;\"><strong><u>od 01.12.2025 r. do 28.02.2026 r.<\/u><\/strong><\/span><\/p>\n<p style=\"text-align: center;\"><span style=\"color: #008000;\"><strong><u>PRACA POZA MIEJSCEM ZAMIESZKANIA<\/u><\/strong><\/span><\/p>\n<table width=\"717\">\n<tbody>\n<tr>\n<td width=\"141\">\n<p style=\"text-align: center;\"><strong>Rok nauki<\/strong><\/p>\n<\/td>\n<td width=\"122\">\n<p style=\"text-align: center;\"><strong>Podstawa wymiaru<\/strong><\/p>\n<p style=\"text-align: center;\"><strong>BRUTTO<\/strong><\/p>\n<\/td>\n<td width=\"163\"><strong>Rodzaj ubezpieczenia<\/strong><\/td>\n<td colspan=\"3\" width=\"290\"><strong>Sk\u0142adki na ubezpieczenie spo\u0142eczne<\/strong><\/td>\n<\/tr>\n<tr>\n<td colspan=\"3\" width=\"427\"><\/td>\n<td colspan=\"2\" width=\"147\"><strong>P\u0142atnik<\/strong><\/td>\n<td width=\"143\"><strong>Ubezpieczony<\/strong><\/td>\n<\/tr>\n<tr>\n<td rowspan=\"5\" width=\"141\">\n<p style=\"text-align: center;\"><strong>I rok<\/strong><\/p>\n<p style=\"text-align: center;\"><strong>\u00a08%<\/strong><\/p>\n<\/td>\n<td rowspan=\"5\" width=\"122\">\n<p style=\"text-align: center;\"><strong>701,74 z\u0142<\/strong><\/p>\n<p style=\"text-align: center;\"><strong>\u00a0<\/strong><\/p>\n<p style=\"text-align: center;\"><span style=\"color: #ff0000;\"><strong>DO WYP\u0141ATY:<\/strong><\/span><\/p>\n<p style=\"text-align: center;\"><span style=\"color: #ff0000;\"><strong>597,27 Z\u0141<\/strong><\/span><\/p>\n<\/td>\n<td width=\"163\">emerytalne<\/td>\n<td colspan=\"2\" width=\"147\">68,49<\/td>\n<td width=\"143\">68,49<\/td>\n<\/tr>\n<tr>\n<td width=\"163\">rentowe<\/td>\n<td colspan=\"2\" width=\"147\">45,61<\/td>\n<td width=\"143\">10,53<\/td>\n<\/tr>\n<tr>\n<td width=\"163\">chorobowe<\/td>\n<td colspan=\"2\" width=\"147\">&#8211;<\/td>\n<td width=\"143\">17,19<\/td>\n<\/tr>\n<tr>\n<td width=\"163\">wypadkowe (1,67%)<\/td>\n<td colspan=\"2\" width=\"147\">11,72<\/td>\n<td width=\"143\">&#8211;<\/td>\n<\/tr>\n<tr>\n<td width=\"163\">sk\u0142adka zdrowotna<\/td>\n<td colspan=\"2\" width=\"147\">&#8211;<\/td>\n<td width=\"143\">8,26<\/td>\n<\/tr>\n<tr>\n<td colspan=\"6\" width=\"717\"><\/td>\n<\/tr>\n<tr>\n<td rowspan=\"5\" width=\"141\">\n<p style=\"text-align: center;\"><strong>II rok\u00a0<\/strong><\/p>\n<p style=\"text-align: center;\"><strong>\u00a09%<\/strong><\/p>\n<\/td>\n<td rowspan=\"5\" width=\"122\">\n<p style=\"text-align: center;\"><strong>789,45<\/strong>\u00a0<strong>z\u0142<\/strong><\/p>\n<p style=\"text-align: center;\"><strong>\u00a0<\/strong><\/p>\n<p style=\"text-align: center;\"><span style=\"color: #ff0000;\"><strong>DO WYP\u0141ATY:<\/strong><\/span><\/p>\n<p style=\"text-align: center;\"><span style=\"color: #ff0000;\"><strong>660,21 Z\u0141<\/strong><\/span><\/p>\n<\/td>\n<td width=\"163\">emerytalne<\/td>\n<td colspan=\"2\" width=\"147\">77,05<\/td>\n<td width=\"143\">77,05<\/td>\n<\/tr>\n<tr>\n<td width=\"163\">rentowe<\/td>\n<td colspan=\"2\" width=\"147\">51,31<\/td>\n<td width=\"143\">11,84<\/td>\n<\/tr>\n<tr>\n<td width=\"163\">chorobowe<\/td>\n<td colspan=\"2\" width=\"147\">&#8211;<\/td>\n<td width=\"143\">19,34<\/td>\n<\/tr>\n<tr>\n<td width=\"163\">wypadkowe (1,67%)<\/td>\n<td colspan=\"2\" width=\"147\">13,18<\/td>\n<td width=\"143\">&#8211;<\/td>\n<\/tr>\n<tr>\n<td width=\"163\">sk\u0142adka zdrowotna<\/td>\n<td colspan=\"2\" width=\"147\">&#8211;<\/td>\n<td width=\"143\">21,01<\/td>\n<\/tr>\n<tr>\n<td colspan=\"6\" width=\"717\"><\/td>\n<\/tr>\n<tr>\n<td rowspan=\"5\" width=\"141\">\n<p style=\"text-align: center;\"><strong>III rok <\/strong><\/p>\n<p style=\"text-align: center;\"><strong>10%<\/strong><\/p>\n<\/td>\n<td rowspan=\"5\" width=\"122\">\n<p style=\"text-align: center;\"><strong>877,17 z\u0142<\/strong><\/p>\n<p style=\"text-align: center;\"><strong>\u00a0<\/strong><\/p>\n<p style=\"text-align: center;\"><span style=\"color: #ff0000;\"><strong>DO WYP\u0141ATY:<\/strong><\/span><\/p>\n<p style=\"text-align: center;\"><span style=\"color: #ff0000;\"><strong>722,98 Z\u0141<\/strong><\/span><\/p>\n<\/td>\n<td width=\"163\">Emerytalne<\/td>\n<td colspan=\"2\" width=\"147\">85,61<\/td>\n<td width=\"143\">85,61<\/td>\n<\/tr>\n<tr>\n<td width=\"163\">rentowe<\/td>\n<td colspan=\"2\" width=\"147\">57,02<\/td>\n<td width=\"143\">13,16<\/td>\n<\/tr>\n<tr>\n<td width=\"163\">chorobowe<\/td>\n<td colspan=\"2\" width=\"147\">&#8211;<\/td>\n<td width=\"143\">21,49<\/td>\n<\/tr>\n<tr>\n<td width=\"163\">wypadkowe (1,67%)<\/td>\n<td colspan=\"2\" width=\"147\">14,65<\/td>\n<td width=\"143\">&#8211;<\/td>\n<\/tr>\n<tr>\n<td width=\"163\">sk\u0142adka zdrowotna<\/td>\n<td width=\"143\">&#8211;<\/td>\n<td colspan=\"2\" width=\"147\">33,93<\/td>\n<\/tr>\n<tr>\n<td colspan=\"6\" width=\"717\">\n<h4><\/h4>\n<h4><span style=\"color: #ff0000;\"><strong>PRZYUCZENIE DO ZAWODU &#8211; Uczniowie, kt\u00f3rzy NIE uko\u0144czyli Szko\u0142y Podstawowej<\/strong><\/span><\/h4>\n<\/td>\n<\/tr>\n<tr>\n<td rowspan=\"5\" width=\"141\">\n<p style=\"text-align: center;\">\u00a0<strong>PRZYUCZENIE do wykonywania okre\u015blonej pracy<\/strong><\/p>\n<p style=\"text-align: center;\"><strong>7%<\/strong><\/p>\n<\/td>\n<td rowspan=\"5\" width=\"122\">\n<p style=\"text-align: center;\"><strong>614,02 z\u0142<\/strong><\/p>\n<p style=\"text-align: center;\"><strong>\u00a0<\/strong><\/p>\n<p style=\"text-align: center;\"><span style=\"color: #ff0000;\"><strong>DO WYP\u0141ATY:<\/strong><\/span><\/p>\n<p style=\"text-align: center;\"><span style=\"color: #ff0000;\"><strong>529,84 Z\u0141<\/strong><\/span><\/p>\n<\/td>\n<td width=\"163\">emerytalne<\/td>\n<td colspan=\"2\" width=\"147\">59,93<\/td>\n<td width=\"143\">59,93<\/td>\n<\/tr>\n<tr>\n<td width=\"163\">rentowe<\/td>\n<td colspan=\"2\" width=\"147\">39,91<\/td>\n<td width=\"143\">79,21<\/td>\n<\/tr>\n<tr>\n<td width=\"163\">chorobowe<\/td>\n<td colspan=\"2\" width=\"147\">&#8211;<\/td>\n<td width=\"143\">15,04<\/td>\n<\/tr>\n<tr>\n<td width=\"163\">wypadkowe (1,67%)<\/td>\n<td colspan=\"2\" width=\"147\">10,25<\/td>\n<td width=\"143\">&#8211;<\/td>\n<\/tr>\n<tr>\n<td width=\"163\">sk\u0142adka zdrowotna<\/td>\n<td colspan=\"2\" width=\"147\">&#8211;<\/td>\n<td width=\"143\">0,00<\/td>\n<\/tr>\n<tr>\n<td colspan=\"6\" width=\"717\"><\/td>\n<\/tr>\n<tr>\n<td width=\"141\"><\/td>\n<td width=\"122\"><\/td>\n<td><\/td>\n<td><\/td>\n<td><\/td>\n<td><\/td>\n<\/tr>\n<\/tbody>\n<\/table>\n<h4><\/h4>\n<h4><span style=\"color: revert; font-size: revert; font-weight: revert;\">Podstawa prawna:<\/span><\/h4>\n<\/header>\n<\/article>\n<article class=\"td9\">\n<header>\u00a7 19 i \u00a7 20\u00a0 Rozporz\u0105dzenia Rady Ministr\u00f3w z dnia 28 maja 1996r. w sprawie przygotowania zawodowego m\u0142odocianych i ich wynagradzania (Dz. U. z 2018 r. poz. 2010 z p\u00f3\u017an. zm.)<\/header>\n<div class=\"plain\">\n<p>M\u0142odocianemu w\u00a0okresie nauki zawodu oraz przyuczenia do wykonywania okre\u015blonej pracy przys\u0142uguje wynagrodzenie obliczane w\u00a0stosunku procentowym do\u00a0przeci\u0119tnego miesi\u0119cznego wynagrodzenia w\u00a0gospodarce narodowej w\u00a0poprzednim kwartale, obowi\u0105zuj\u0105cego od\u00a0pierwszego dnia nast\u0119pnego miesi\u0105ca po og\u0142oszeniu przez Prezesa GUS.<\/p>\n<p><strong>Przeci\u0119tne wynagrodzenie w III kwartale 2025 r. wynios\u0142o &#8211; 8.771,70\u00a0z\u0142 (Mon. Pol. z 2025 r. poz. 1148)<\/strong><\/p>\n<\/div>\n<\/article>\n","protected":false},"excerpt":{"rendered":"<p>NAUKA ZAWODU\u00a0 &#8211; Uczniowie Bran\u017cowej Szko\u0142y I Stopnia oraz POZASZKOLNI &#8211; KURSOWI Wysoko\u015b\u0107 wynagrodzenia i sk\u0142adek na ubezpieczenia spo\u0142eczne pracownik\u00f3w m\u0142odocianych od 01.12.2025 r. do 28.02.2026 r. PRACA W MIEJSCU ZAMIESZKANIA Rok nauki Podstawa wymiaru BRUTTO Rodzaj ubezpieczenia Sk\u0142adki na ubezpieczenie spo\u0142eczne P\u0142atnik Ubezpieczony I rok \u00a08% 701,74 z\u0142 DO WYP\u0141ATY: 588,77 Z\u0141 emerytalne 68,49 [&hellip;]<\/p>\n","protected":false},"author":1,"featured_media":0,"parent":316,"menu_order":3,"comment_status":"closed","ping_status":"closed","template":"","meta":{"pgc_sgb_lightbox_settings":"","footnotes":""},"_links":{"self":[{"href":"https:\/\/cechzdunskawola.pl\/index.php?rest_route=\/wp\/v2\/pages\/326"}],"collection":[{"href":"https:\/\/cechzdunskawola.pl\/index.php?rest_route=\/wp\/v2\/pages"}],"about":[{"href":"https:\/\/cechzdunskawola.pl\/index.php?rest_route=\/wp\/v2\/types\/page"}],"author":[{"embeddable":true,"href":"https:\/\/cechzdunskawola.pl\/index.php?rest_route=\/wp\/v2\/users\/1"}],"replies":[{"embeddable":true,"href":"https:\/\/cechzdunskawola.pl\/index.php?rest_route=%2Fwp%2Fv2%2Fcomments&post=326"}],"version-history":[{"count":43,"href":"https:\/\/cechzdunskawola.pl\/index.php?rest_route=\/wp\/v2\/pages\/326\/revisions"}],"predecessor-version":[{"id":2717,"href":"https:\/\/cechzdunskawola.pl\/index.php?rest_route=\/wp\/v2\/pages\/326\/revisions\/2717"}],"up":[{"embeddable":true,"href":"https:\/\/cechzdunskawola.pl\/index.php?rest_route=\/wp\/v2\/pages\/316"}],"wp:attachment":[{"href":"https:\/\/cechzdunskawola.pl\/index.php?rest_route=%2Fwp%2Fv2%2Fmedia&parent=326"}],"curies":[{"name":"wp","href":"https:\/\/api.w.org\/{rel}","templated":true}]}}