{"id":25,"date":"2012-12-18T10:59:32","date_gmt":"2012-12-18T09:59:32","guid":{"rendered":"https:\/\/cechzdunskawola.pl\/?page_id=25"},"modified":"2024-08-09T14:37:42","modified_gmt":"2024-08-09T12:37:42","slug":"informacje","status":"publish","type":"page","link":"https:\/\/cechzdunskawola.pl\/?page_id=25","title":{"rendered":"NAUKA ZAWODU"},"content":{"rendered":"<h1><span style=\"color: #008000;\"><span style=\"color: #ff0000;\">WYBIERZ NAUK\u0118 ZAWODU<\/span><\/span><\/h1>\n<p><strong><span style=\"font-size: x-large;\"><b>Biuro Cechu Rzemios\u0142 R\u00f3\u017cnych w Zdu\u0144skiej Woli udziela ka\u017cdemu zainteresowanemu informacji na temat praktycznej nauki zawodu<br \/>w godzinach: 8.00- 15.00<\/b><\/span><\/strong><b> <\/b><\/p>\n<p>https:\/\/youtu.be\/BcnouhFFsvs<\/p>\n<p><span style=\"font-family: Times New Roman, serif;\"><span style=\"font-size: large;\"><strong><span style=\"color: #000000;\">Chcesz wybra\u0107 dobry zaw\u00f3d na przysz\u0142o\u015b\u0107 i odby\u0107 praktyczn\u0105 nauk\u0119 zawodu u rzemie\u015blnika, za kt\u00f3r\u0105 otrzymasz co miesi\u0105c wynagrodzenie, w zawodach poszukiwanych w kraju i za granic\u0105, przyjd\u017a lub zadzwo\u0144 po wi\u0119cej informacji do Cechu.<\/span><\/strong><\/span><\/span><\/p>\n<p><span style=\"font-family: Times New Roman, serif;\"><span style=\"font-size: large;\"><strong><span style=\"color: #000000;\">Zak\u0142ady rzemie\u015blnicze zrzeszone w naszej organizacji prowadz\u0105 kszta\u0142cenie uczni\u00f3w m\u0142odocianych w zawodach:<\/span><\/strong><\/span><\/span><\/p>\n<p align=\"LEFT\"><span style=\"color: #000000;\">\u2666\u00a0<span style=\"font-family: Times New Roman, serif;\"><span style=\"font-size: large;\">elektromechanik pojazd\u00f3w samochodowych<br \/>\u2666\u00a0mechanik pojazd\u00f3w samochodowych<br \/>\u2666\u00a0blacharz samochodowy<\/span><\/span><\/span><\/p>\n<p align=\"LEFT\"><span style=\"color: #000000;\">\u2666\u00a0<span style=\"font-family: Times New Roman, serif;\"><span style=\"font-size: large;\">stolarz<br \/>\u2666\u00a0tapicer<br \/>\u2666\u00a0krawiec \u00a0<\/span><\/span><\/span><\/p>\n<p align=\"LEFT\"><span style=\"color: #000000;\">\u2666\u00a0<span style=\"font-family: Times New Roman, serif;\"><span style=\"font-size: large;\">kucharz<br \/>\u2666\u00a0piekarz<br \/>\u2666\u00a0cukiernik<\/span><\/span><\/span><\/p>\n<p align=\"LEFT\"><span style=\"color: #000000;\">\u2666\u00a0<span style=\"font-family: Times New Roman, serif;\"><span style=\"font-size: large;\">murarz<\/span><\/span><\/span><\/p>\n<p align=\"LEFT\"><span style=\"color: #000000;\">\u2666\u00a0<span style=\"font-family: Times New Roman, serif;\"><span style=\"font-size: large;\">monter zabudowy i rob\u00f3t wyko\u0144czeniowych w budownictwie<br \/>\u2666\u00a0dekarz<\/span><\/span><\/span><\/p>\n<p align=\"LEFT\"><span style=\"color: #000000;\">\u2666\u00a0<span style=\"font-family: Times New Roman, serif;\"><span style=\"font-size: large;\">elektryk<br \/>\u2666\u00a0monter sieci instalacji i urz\u0105dze\u0144 sanitarnych<\/span><\/span><\/span><\/p>\n<p align=\"LEFT\"><span style=\"color: #000000;\">\u2666\u00a0<span style=\"font-family: Times New Roman, serif;\"><span style=\"font-size: large;\">fryzjer<\/span><\/span><\/span><\/p>\n<p><span style=\"color: #000000;\"><span style=\"font-family: Times New Roman, serif;\"><span style=\"font-size: large;\"><b>Przygotowanie zawodowe m\u0142odocianych pracownik\u00f3w mo\u017ce odbywa\u0107 si\u0119 poprzez:<\/b><br \/>\u2666\u00a0nauk\u0119 zawodu,<br \/>\u2666\u00a0przyuczenie do wykonywania okre\u015blonej pracy.<\/span><\/span><\/span><\/p>\n<p><span style=\"color: #000000;\"><span style=\"font-family: Times New Roman, serif;\"><span style=\"font-size: large;\"><b>Nauka zawodu <\/b><\/span><\/span><\/span><span style=\"color: #000000;\"><span style=\"font-family: Times New Roman, serif;\"><span style=\"font-size: large;\">ma na celu przygotowanie m\u0142odocianego do pracy w charakterze czeladnika i obejmuje praktyczn\u0105 nauk\u0119 zawodu organizowan\u0105 u pracodawcy na zasadach ustalonych w odr\u0119bnych przepisach oraz dokszta\u0142canie teoretyczne.<br \/>\/<\/span><\/span><\/span><em><span style=\"color: #000000;\"><span style=\"font-family: Times New Roman, serif;\"><span style=\"font-size: large;\">dotyczy uczni\u00f3w, kt\u00f3rzy uko\u0144czyli szko\u0142\u0119 podstawow\u0105<\/span><\/span><\/span><\/em><span style=\"color: #000000;\"><span style=\"font-family: Times New Roman, serif;\"><span style=\"font-size: large;\">\/<\/span><\/span><\/span><\/p>\n<p><span style=\"color: #000000;\"><span style=\"font-family: Times New Roman, serif;\"><span style=\"font-size: large;\"><b>Przyuczenie do wykonywania okre\u015blonej pracy<\/b><\/span><\/span><\/span><span style=\"color: #000000;\"><span style=\"font-family: Times New Roman, serif;\"><span style=\"font-size: large;\"> ma na celu przygotowanie m\u0142odocianego do pracy w charakterze robotnika przyuczonego i mo\u017ce dotyczy\u0107 prac, kt\u00f3rych rodzaj nie wymaga odbycia nauki zawodu.<br \/>\/<\/span><\/span><\/span><em><span style=\"color: #000000;\"><span style=\"font-family: Times New Roman, serif;\"><span style=\"font-size: large;\">dotyczy uczni\u00f3w, kt\u00f3rzy nie uko\u0144czyli szko\u0142y podstawowej<\/span><\/span><\/span><\/em><span style=\"color: #000000;\"><span style=\"font-family: Times New Roman, serif;\"><span style=\"font-size: large;\">\/<\/span><\/span><\/span><\/p>\n<p><b><span style=\"color: #000000;\"><span style=\"font-family: Times New Roman, serif;\"><span style=\"font-size: large;\">M\u0142odocianym w rozumieniu kodeksu pracy jest osoba, kt\u00f3ra uko\u0144czy\u0142a 15 lat, a nie przekroczy\u0142a 18 lat.<\/span><\/span><\/span><\/b><\/p>\n<p><span style=\"color: #000000;\"><span style=\"font-family: Times New Roman, serif;\"><span style=\"font-size: large;\">Istnieje mo\u017cliwo\u015b\u0107 podpisania umowy o prac\u0119 w celu nauki zawodu dla uczni\u00f3w, kt\u00f3rzy w danym roku kalendarzowym uko\u0144czyli szko\u0142\u0119 podstawow\u0105 i\u00a0uko\u0144czyli 18 lat &#8211; ale tylko do 31 grudnia tego roku w kt\u00f3rym jednocze\u015bnie uko\u0144czyli szko\u0142\u0119 podstawow\u0105 i 18 lat. Osoby takie powinny zg\u0142osi\u0107 si\u0119 do Biura Cechu Rzemios\u0142 R\u00f3\u017cnych w Zdu\u0144skiej Woli w celu podpisania umowy (<\/span><\/span><\/span><em><span style=\"color: #000000;\"><span style=\"font-family: Times New Roman, serif;\"><span style=\"font-size: large;\">do 31 grudnia<\/span><\/span><\/span><\/em><span style=\"color: #000000;\"><span style=\"font-family: Times New Roman, serif;\"><span style=\"font-size: large;\">).<\/span><\/span><\/span><\/p>\n<p><span style=\"color: #000000;\"><span style=\"font-family: Times New Roman, serif;\"><span style=\"font-size: large;\">Uczniowie pobieraj\u0105c praktyczn\u0105 nauk\u0119 zawodu w zak\u0142adach rzemie\u015blniczych kszta\u0142c\u0105 si\u0119 w\u00a0Bran\u017cowych Szko\u0142ach\u00a0I Stopnia.<br \/>Po zako\u0144czeniu nauki otrzymuj\u0105 \u015bwiadectwo szkolne oraz po zdaniu egzaminu, kt\u00f3rego koszty ponosz\u0105 pracodawcy, uzyskuj\u0105 tytu\u0142 czeladnika. Absolwenci szk\u00f3\u0142 zawodowych mog\u0105 kontynuowa\u0107 nauk\u0119 w szkole \u015bredniej a jednocze\u015bnie ju\u017c podj\u0105\u0107 prac\u0119. <\/span><\/span><\/span><\/p>\n<p><span style=\"color: #000000;\"><span style=\"font-family: Times New Roman, serif;\"><span style=\"font-size: large;\">W obecnych czasach istnieje zapotrzebowanie na <\/span><\/span><\/span><strong><span style=\"color: #000000;\"><span style=\"font-family: Times New Roman, serif;\"><span style=\"font-size: large;\">pracownik\u00f3w z kwalifikacjami<\/span><\/span><\/span><\/strong><span style=\"color: #000000;\"><span style=\"font-family: Times New Roman, serif;\"><span style=\"font-size: large;\"> zawodowymi. Po trzech latach pracy w danym zawodzie mo\u017cna przyst\u0105pi\u0107 do egzaminu mistrzowskiego, kt\u00f3ry jest jednoznaczny z uzyskaniem tytu\u0142u technika.<\/span><\/span><\/span><\/p>\n<p><strong><span style=\"color: #000000;\"><span style=\"font-family: Times New Roman, serif;\"><span style=\"font-size: large;\">\u015awiadectwo czeladnicze oraz Dyplom mistrzowski s\u0105 honorowane zar\u00f3wno w Polsce jak i poza granicami naszego kraju.<\/span><\/span><\/span><\/strong><\/p>\n<p><span style=\"color: #000000;\"><span style=\"font-family: Times New Roman, serif;\"><span style=\"font-size: large;\">Okres na jaki zosta\u0142a podpisana umowa o prac\u0119 w celu nauki zawodu zostaje wliczony do wys\u0142ugi lat od kt\u00f3rych zale\u017c\u0105 uprawnienia emerytalno- rentowe.<\/span><\/span><\/span><\/p>\n<p><span style=\"font-size: x-large;\"><b>DOKUMENTY POTRZEBNE DO SPISANIA UMOWY O PRAKTYCZN\u0104 NAUK\u0118 ZAWODU:<\/b><\/span><\/p>\n<ol>\n<li><span style=\"font-size: x-large;\">Orzeczenie od lekarza medycyny pracy, \u017ce ucze\u0144 jest zdrowy i mo\u017ce pracowa\u0107 w danym zawodzie \u2013 <\/span><span style=\"font-size: large; color: #ff0000;\"><b>WYSTAWIONE NA ZAK\u0141AD PRACY, W KT\u00d3RYM UCZE\u0143 B\u0118DZIE POBIERA\u0141 PRAKTYCZN\u0104 NAUK\u0118 ZAWODU !<\/b><\/span><\/li>\n<li><span style=\"font-size: x-large;\">Za\u015bwiadczenie ze Szko\u0142y Bran\u017cowej I Stopnia, \u017ce ucze\u0144 jest kandydatem do kl. I<\/span><\/li>\n<li><span style=\"font-size: x-large;\">PESEL \u2013 potwierdzony dokumentem (np. legitymacja szkolna)<\/span><\/li>\n<li><span style=\"font-size: x-large;\">Dow\u00f3d osobisty rodzica \u2013 tylko do wgl\u0105du w dniu podpisania umowy<\/span><\/li>\n<\/ol>\n<p><span style=\"font-size: large; color: #ff0000;\"><b>* UCZE\u0143, KT\u00d3RY NIE MA UKO\u0143CZONYCH 15 LAT \u2013 MUSI POSIADA\u0106 POZYTYWN\u0104 OPINI\u0118 Z PORADNI PSYCHOLOGICZNO &#8211; PEDAGOGICZNEJ<\/b><\/span><\/p>\n<p><span style=\"font-size: large;\"><b>* JE\u017bELI UCZE\u0143 MA OPIEKUNA PRAWNEGO \u2013 NALE\u017bY DO\u0141\u0104CZY\u0106 POSTANOWIENIE S\u0104DU<\/b><\/span><\/p>\n<p><span style=\"font-size: x-large;\"><b>DOKUMENTY POTRZEBNE DO SPISANIA UMOWY O PRZYUCZENIE DO WYKONYWANIA OKRE\u015aLONEJ PRACY:<\/b><\/span><\/p>\n<ol>\n<li><span style=\"font-size: x-large;\">Orzeczenie od lekarza medycyny pracy, \u017ce ucze\u0144 jest zdrowy i mo\u017ce pracowa\u0107 w danym zawodzie \u2013 <\/span><span style=\"font-size: large;\"><b>WYSTAWIONE NA ZAK\u0141AD PRACY, W KT\u00d3RYM UCZE\u0143 B\u0118DZIE POBIERA\u0141 PRZYUCZENIE !<\/b><\/span><\/li>\n<li><span style=\"font-size: x-large;\">Za\u015bwiadczenie ze Szko\u0142y \u2013 do kt\u00f3rej klasy ucz\u0119szcza i planowany termin uko\u0144czenia nauki oraz \u017ce ucze\u0144 jest obj\u0119ty opiek\u0105 OHP<\/span><\/li>\n<li><span style=\"font-size: x-large;\">PESEL \u2013 potwierdzony dokumentem (np. legitymacja szkolna)<\/span><\/li>\n<li><span style=\"font-size: x-large;\">O\u015bwiadczenie pracodawcy o zakresie przyuczenia (druk z Cechu)<\/span><\/li>\n<li><span style=\"font-size: x-large;\">Dow\u00f3d osobisty rodzica \u2013 tylko do wgl\u0105du w dniu podpisania umowy<\/span><\/li>\n<\/ol>\n<p><span style=\"font-size: large;\"><b>* UCZE\u0143, KT\u00d3RY NIE MA UKO\u0143CZONYCH 15 LAT \u2013 MUSI POSIADA\u0106 POZYTYWN\u0104 OPINI\u0118 Z PORADNI PSYCHOLOGICZNO PEDAGOGICZNEJ<\/b><\/span><\/p>\n<p><span style=\"font-size: large;\"><b>* JE\u017bELI UCZE\u0143 MA OPIEKUNA PRAWNEGO \u2013 NALE\u017bY DO\u0141\u0104CZY\u0106 POSTANOWIENIE S\u0104DU<\/b><\/span><\/p>\n<p>DRUKI DO POBRANIA<\/p>\n<ul>\n<li><a href=\"http:\/\/cechzdunskawola.pl\/wp-content\/uploads\/2024\/08\/Skierowanie-na-badanie-lekarskie-2024-2.pdf\">Skierowanie na badania<\/a><\/li>\n<li>O\u015bwiadczenie pracodawcy &#8211; do umowy o PRZYUCZENIE<\/li>\n<\/ul>\n\n\n<figure class=\"wp-block-gallery has-nested-images columns-default is-cropped wp-block-gallery-1 is-layout-flex wp-block-gallery-is-layout-flex\"><\/figure>\n","protected":false},"excerpt":{"rendered":"<p>WYBIERZ NAUK\u0118 ZAWODU Biuro Cechu Rzemios\u0142 R\u00f3\u017cnych w Zdu\u0144skiej Woli udziela ka\u017cdemu zainteresowanemu informacji na temat praktycznej nauki zawoduw godzinach: 8.00- 15.00 https:\/\/youtu.be\/BcnouhFFsvs Chcesz wybra\u0107 dobry zaw\u00f3d na przysz\u0142o\u015b\u0107 i odby\u0107 praktyczn\u0105 nauk\u0119 zawodu u rzemie\u015blnika, za kt\u00f3r\u0105 otrzymasz co miesi\u0105c wynagrodzenie, w zawodach poszukiwanych w kraju i za granic\u0105, przyjd\u017a lub zadzwo\u0144 po wi\u0119cej [&hellip;]<\/p>\n","protected":false},"author":1,"featured_media":0,"parent":0,"menu_order":4,"comment_status":"closed","ping_status":"closed","template":"","meta":{"pgc_sgb_lightbox_settings":"","footnotes":""},"_links":{"self":[{"href":"https:\/\/cechzdunskawola.pl\/index.php?rest_route=\/wp\/v2\/pages\/25"}],"collection":[{"href":"https:\/\/cechzdunskawola.pl\/index.php?rest_route=\/wp\/v2\/pages"}],"about":[{"href":"https:\/\/cechzdunskawola.pl\/index.php?rest_route=\/wp\/v2\/types\/page"}],"author":[{"embeddable":true,"href":"https:\/\/cechzdunskawola.pl\/index.php?rest_route=\/wp\/v2\/users\/1"}],"replies":[{"embeddable":true,"href":"https:\/\/cechzdunskawola.pl\/index.php?rest_route=%2Fwp%2Fv2%2Fcomments&post=25"}],"version-history":[{"count":42,"href":"https:\/\/cechzdunskawola.pl\/index.php?rest_route=\/wp\/v2\/pages\/25\/revisions"}],"predecessor-version":[{"id":2686,"href":"https:\/\/cechzdunskawola.pl\/index.php?rest_route=\/wp\/v2\/pages\/25\/revisions\/2686"}],"wp:attachment":[{"href":"https:\/\/cechzdunskawola.pl\/index.php?rest_route=%2Fwp%2Fv2%2Fmedia&parent=25"}],"curies":[{"name":"wp","href":"https:\/\/api.w.org\/{rel}","templated":true}]}}