{"id":2435,"date":"2023-07-31T11:46:07","date_gmt":"2023-07-31T09:46:07","guid":{"rendered":"https:\/\/cechzdunskawola.pl\/?page_id=2435"},"modified":"2024-11-14T12:08:44","modified_gmt":"2024-11-14T11:08:44","slug":"slusarz","status":"publish","type":"page","link":"https:\/\/cechzdunskawola.pl\/?page_id=2435","title":{"rendered":"\u015alusarz"},"content":{"rendered":"\n<p><em><strong>MAWO TECHNOLOGY S. MANICKI, M. WOJTASIK SP\u00d3\u0141KA JAWNA<\/strong><\/em><\/p>\n\n\n\n<p><em>ul. Andrzeja Struga <\/em>13\/15<\/p>\n\n\n\n<p><em>98-220 Zdu\u0144ska Wola<\/em><\/p>\n\n\n\n<p><em>tel. 43 823-63-16<\/em><\/p>\n\n\n\n<p><\/p>\n\n\n\n<p><\/p>\n\n\n\n<p><\/p>\n\n\n\n<p><em><strong>NORAUTRON MECHANICS  SP. Z O.O.<\/strong><\/em><\/p>\n\n\n\n<p><em>ul. Henrykowska 16<\/em><\/p>\n\n\n\n<p><em>98-220 Zdu\u0144ska Wola<\/em><\/p>\n\n\n\n<p><em>tel. 43 823-41-51<\/em><\/p>\n\n\n\n<p><\/p>\n\n\n\n<p><\/p>\n\n\n\n<p><\/p>\n\n\n\n<p><em><strong>PLASTEM   Piotr Ciupa  i  Tomasz Teodorczyk sp. k.<\/strong><\/em><\/p>\n\n\n\n<p><em>Janiszewice 3 a<\/em><\/p>\n\n\n\n<p><em>98-220 Zdu\u0144ska Wola<\/em><\/p>\n\n\n\n<p><em>tel. 43 824-31-50<\/em><\/p>\n\n\n\n<p><\/p>\n\n\n\n<p><\/p>\n\n\n\n<p><\/p>\n\n\n\n<p><em><strong>&#8222;VORSTER&#8221; Marcin Werner<\/strong><\/em><\/p>\n\n\n\n<p><em>ul. Andrzeja Struga 9-11<\/em><\/p>\n\n\n\n<p><em>98-220 Zdu\u0144ska Wola<\/em><\/p>\n\n\n\n<p><em>tel. 605-155-055<\/em><\/p>\n\n\n\n<p><\/p>\n\n\n\n<p><\/p>\n\n\n\n<p><\/p>\n\n\n\n<p><\/p>\n","protected":false},"excerpt":{"rendered":"<p>MAWO TECHNOLOGY S. MANICKI, M. WOJTASIK SP\u00d3\u0141KA JAWNA ul. Andrzeja Struga 13\/15 98-220 Zdu\u0144ska Wola tel. 43 823-63-16 NORAUTRON MECHANICS SP. Z O.O. ul. Henrykowska 16 98-220 Zdu\u0144ska Wola tel. 43 823-41-51 PLASTEM Piotr Ciupa i Tomasz Teodorczyk sp. k. Janiszewice 3 a 98-220 Zdu\u0144ska Wola tel. 43 824-31-50 &#8222;VORSTER&#8221; Marcin Werner ul. Andrzeja Struga [&hellip;]<\/p>\n","protected":false},"author":1,"featured_media":0,"parent":2,"menu_order":1,"comment_status":"closed","ping_status":"closed","template":"","meta":{"pgc_sgb_lightbox_settings":"","footnotes":""},"_links":{"self":[{"href":"https:\/\/cechzdunskawola.pl\/index.php?rest_route=\/wp\/v2\/pages\/2435"}],"collection":[{"href":"https:\/\/cechzdunskawola.pl\/index.php?rest_route=\/wp\/v2\/pages"}],"about":[{"href":"https:\/\/cechzdunskawola.pl\/index.php?rest_route=\/wp\/v2\/types\/page"}],"author":[{"embeddable":true,"href":"https:\/\/cechzdunskawola.pl\/index.php?rest_route=\/wp\/v2\/users\/1"}],"replies":[{"embeddable":true,"href":"https:\/\/cechzdunskawola.pl\/index.php?rest_route=%2Fwp%2Fv2%2Fcomments&post=2435"}],"version-history":[{"count":6,"href":"https:\/\/cechzdunskawola.pl\/index.php?rest_route=\/wp\/v2\/pages\/2435\/revisions"}],"predecessor-version":[{"id":2691,"href":"https:\/\/cechzdunskawola.pl\/index.php?rest_route=\/wp\/v2\/pages\/2435\/revisions\/2691"}],"up":[{"embeddable":true,"href":"https:\/\/cechzdunskawola.pl\/index.php?rest_route=\/wp\/v2\/pages\/2"}],"wp:attachment":[{"href":"https:\/\/cechzdunskawola.pl\/index.php?rest_route=%2Fwp%2Fv2%2Fmedia&parent=2435"}],"curies":[{"name":"wp","href":"https:\/\/api.w.org\/{rel}","templated":true}]}}