{"id":159,"date":"2013-01-03T10:08:43","date_gmt":"2013-01-03T09:08:43","guid":{"rendered":"https:\/\/cechzdunskawola.pl\/?page_id=159"},"modified":"2017-03-06T13:55:05","modified_gmt":"2017-03-06T12:55:05","slug":"instalatorstwo-elektryczne","status":"publish","type":"page","link":"https:\/\/cechzdunskawola.pl\/?page_id=159","title":{"rendered":"Elektromechanik Pojazd\u00f3w Samochodowych"},"content":{"rendered":"<address>\u00a0<strong>ELEKTROMECHANIKA POJAZDOWA<\/strong><\/address>\n<address><strong>mgr in\u017c. Miros\u0142aw Jaworski<\/strong><\/address>\n<address>ul. Getta \u017bydowskiego 44 B<\/address>\n<address>98-220 Zdu\u0144ska Wola<\/address>\n<address>tel. 602-723-113<\/address>\n<address>\u00a0<\/address>\n<address>\u00a0<\/address>\n","protected":false},"excerpt":{"rendered":"<p>\u00a0ELEKTROMECHANIKA POJAZDOWA mgr in\u017c. Miros\u0142aw Jaworski ul. Getta \u017bydowskiego 44 B 98-220 Zdu\u0144ska Wola tel. 602-723-113 \u00a0 \u00a0<\/p>\n","protected":false},"author":1,"featured_media":0,"parent":2,"menu_order":1,"comment_status":"closed","ping_status":"closed","template":"","meta":{"pgc_sgb_lightbox_settings":"","footnotes":""},"_links":{"self":[{"href":"https:\/\/cechzdunskawola.pl\/index.php?rest_route=\/wp\/v2\/pages\/159"}],"collection":[{"href":"https:\/\/cechzdunskawola.pl\/index.php?rest_route=\/wp\/v2\/pages"}],"about":[{"href":"https:\/\/cechzdunskawola.pl\/index.php?rest_route=\/wp\/v2\/types\/page"}],"author":[{"embeddable":true,"href":"https:\/\/cechzdunskawola.pl\/index.php?rest_route=\/wp\/v2\/users\/1"}],"replies":[{"embeddable":true,"href":"https:\/\/cechzdunskawola.pl\/index.php?rest_route=%2Fwp%2Fv2%2Fcomments&post=159"}],"version-history":[{"count":24,"href":"https:\/\/cechzdunskawola.pl\/index.php?rest_route=\/wp\/v2\/pages\/159\/revisions"}],"predecessor-version":[{"id":912,"href":"https:\/\/cechzdunskawola.pl\/index.php?rest_route=\/wp\/v2\/pages\/159\/revisions\/912"}],"up":[{"embeddable":true,"href":"https:\/\/cechzdunskawola.pl\/index.php?rest_route=\/wp\/v2\/pages\/2"}],"wp:attachment":[{"href":"https:\/\/cechzdunskawola.pl\/index.php?rest_route=%2Fwp%2Fv2%2Fmedia&parent=159"}],"curies":[{"name":"wp","href":"https:\/\/api.w.org\/{rel}","templated":true}]}}