{"id":156,"date":"2013-01-03T10:07:24","date_gmt":"2013-01-03T09:07:24","guid":{"rendered":"https:\/\/cechzdunskawola.pl\/?page_id=156"},"modified":"2013-04-10T18:36:10","modified_gmt":"2013-04-10T16:36:10","slug":"dekarstwo","status":"publish","type":"page","link":"https:\/\/cechzdunskawola.pl\/?page_id=156","title":{"rendered":"Dekarz"},"content":{"rendered":"<address><strong>ZUP &#8222;SAGMA&#8221;<\/strong><\/address>\n<address><strong>Grzegorz Sapiejka<\/strong><\/address>\n<address>ul. \u017beromskiego 10<\/address>\n<address>98-220 Zdu\u0144ska Wola<\/address>\n<address>tel. (43) 823-29-75<\/address>\n<address>\u00a0<\/address>\n<address><strong>ZAK\u0141AD BLACHARSTWO BUDOWLANE<\/strong><\/address>\n<address><strong><\/strong> <strong>J\u00f3zef Wrzesi\u0144ski<\/strong><\/address>\n<address>ul. Zielona 23\/3<\/address>\n<address>98-220 Zdu\u0144ska Wola<\/address>\n<address>tel. (43) 823-78-84<\/address>\n","protected":false},"excerpt":{"rendered":"<p>ZUP &#8222;SAGMA&#8221; Grzegorz Sapiejka ul. \u017beromskiego 10 98-220 Zdu\u0144ska Wola tel. (43) 823-29-75 \u00a0 ZAK\u0141AD BLACHARSTWO BUDOWLANE J\u00f3zef Wrzesi\u0144ski ul. Zielona 23\/3 98-220 Zdu\u0144ska Wola tel. (43) 823-78-84<\/p>\n","protected":false},"author":1,"featured_media":0,"parent":2,"menu_order":11,"comment_status":"closed","ping_status":"closed","template":"","meta":{"pgc_sgb_lightbox_settings":"","footnotes":""},"_links":{"self":[{"href":"https:\/\/cechzdunskawola.pl\/index.php?rest_route=\/wp\/v2\/pages\/156"}],"collection":[{"href":"https:\/\/cechzdunskawola.pl\/index.php?rest_route=\/wp\/v2\/pages"}],"about":[{"href":"https:\/\/cechzdunskawola.pl\/index.php?rest_route=\/wp\/v2\/types\/page"}],"author":[{"embeddable":true,"href":"https:\/\/cechzdunskawola.pl\/index.php?rest_route=\/wp\/v2\/users\/1"}],"replies":[{"embeddable":true,"href":"https:\/\/cechzdunskawola.pl\/index.php?rest_route=%2Fwp%2Fv2%2Fcomments&post=156"}],"version-history":[{"count":8,"href":"https:\/\/cechzdunskawola.pl\/index.php?rest_route=\/wp\/v2\/pages\/156\/revisions"}],"predecessor-version":[{"id":302,"href":"https:\/\/cechzdunskawola.pl\/index.php?rest_route=\/wp\/v2\/pages\/156\/revisions\/302"}],"up":[{"embeddable":true,"href":"https:\/\/cechzdunskawola.pl\/index.php?rest_route=\/wp\/v2\/pages\/2"}],"wp:attachment":[{"href":"https:\/\/cechzdunskawola.pl\/index.php?rest_route=%2Fwp%2Fv2%2Fmedia&parent=156"}],"curies":[{"name":"wp","href":"https:\/\/api.w.org\/{rel}","templated":true}]}}