{"id":149,"date":"2013-01-03T10:04:25","date_gmt":"2013-01-03T09:04:25","guid":{"rendered":"https:\/\/cechzdunskawola.pl\/?page_id=149"},"modified":"2020-06-23T11:38:27","modified_gmt":"2020-06-23T09:38:27","slug":"murarstwo","status":"publish","type":"page","link":"https:\/\/cechzdunskawola.pl\/?page_id=149","title":{"rendered":"Murarz-tynkarz"},"content":{"rendered":"<address>\u00a0<\/address>\n<address><strong>ZAK\u0141AD REMONTOWO &#8211; BUDOWLANY<\/strong><\/address>\n<address><strong>mgr in\u017c. Witold Dawid<\/strong><\/address>\n<address>Bia\u0142y \u0141ug 15<\/address>\n<address>98-220 Zdu\u0144ska Wola<\/address>\n<address>tel. (43) 824-94-01<\/address>\n<address>\u00a0<\/address>\n<address>\u00a0\u00a0<\/address>\n<address>\u00a0<\/address>\n","protected":false},"excerpt":{"rendered":"<p>\u00a0 ZAK\u0141AD REMONTOWO &#8211; BUDOWLANY mgr in\u017c. Witold Dawid Bia\u0142y \u0141ug 15 98-220 Zdu\u0144ska Wola tel. (43) 824-94-01 \u00a0 \u00a0\u00a0 \u00a0<\/p>\n","protected":false},"author":1,"featured_media":0,"parent":2,"menu_order":10,"comment_status":"closed","ping_status":"closed","template":"","meta":{"pgc_sgb_lightbox_settings":"","footnotes":""},"_links":{"self":[{"href":"https:\/\/cechzdunskawola.pl\/index.php?rest_route=\/wp\/v2\/pages\/149"}],"collection":[{"href":"https:\/\/cechzdunskawola.pl\/index.php?rest_route=\/wp\/v2\/pages"}],"about":[{"href":"https:\/\/cechzdunskawola.pl\/index.php?rest_route=\/wp\/v2\/types\/page"}],"author":[{"embeddable":true,"href":"https:\/\/cechzdunskawola.pl\/index.php?rest_route=\/wp\/v2\/users\/1"}],"replies":[{"embeddable":true,"href":"https:\/\/cechzdunskawola.pl\/index.php?rest_route=%2Fwp%2Fv2%2Fcomments&post=149"}],"version-history":[{"count":21,"href":"https:\/\/cechzdunskawola.pl\/index.php?rest_route=\/wp\/v2\/pages\/149\/revisions"}],"predecessor-version":[{"id":1352,"href":"https:\/\/cechzdunskawola.pl\/index.php?rest_route=\/wp\/v2\/pages\/149\/revisions\/1352"}],"up":[{"embeddable":true,"href":"https:\/\/cechzdunskawola.pl\/index.php?rest_route=\/wp\/v2\/pages\/2"}],"wp:attachment":[{"href":"https:\/\/cechzdunskawola.pl\/index.php?rest_route=%2Fwp%2Fv2%2Fmedia&parent=149"}],"curies":[{"name":"wp","href":"https:\/\/api.w.org\/{rel}","templated":true}]}}