{"id":131,"date":"2013-01-03T09:22:42","date_gmt":"2013-01-03T08:22:42","guid":{"rendered":"https:\/\/cechzdunskawola.pl\/?page_id=131"},"modified":"2025-12-11T09:40:04","modified_gmt":"2025-12-11T08:40:04","slug":"cukiernictwo","status":"publish","type":"page","link":"https:\/\/cechzdunskawola.pl\/?page_id=131","title":{"rendered":"Cukiernik"},"content":{"rendered":"<address><strong>&#8222;ZAK\u0141AD CUKIERNICZY MAREK BLADOWSKI&#8221; Sp. z o.o.<\/strong><\/address>\n<address>ul. Ko\u015bcielna 12<\/address>\n<address>98-220 Zdu\u0144ska Wola<\/address>\n<address>tel. (43) 823-26-86<\/address>\n<address><a href=\"http:\/\/www.bladowski.com.pl\" target=\"_blank\" rel=\"noopener\">www.bladowski.com.pl<\/a><\/address>\n<address>\u00a0<\/address>\n<address>\n<address><strong>&#8222;Grejdi&#8221; &#8211; Dymi\u0144scy Sp.J.<\/strong><\/address>\n<address>ul. Spacerowa 89<\/address>\n<address>98-220 Zdu\u0144ska Wola<\/address>\n<address>tel. (43) 823-22-49<\/address>\n<address><a href=\"http:\/\/www.grejdi.zd-wola.pl\" target=\"_blank\" rel=\"noopener\">www.grejdi.zd-wola.pl<\/a><\/address>\n<address>\u00a0<\/address>\n<\/address>\n<address><strong>P\u0104CZKARNIA OGI\u0143SKIEGO<\/strong><\/address>\n<address><strong>Piotr Ogi\u0144ski<\/strong><\/address>\n<address>ul. \u0141aska 45 a<\/address>\n<address>98-220 Zdu\u0144ska Wola<\/address>\n<address>tel. (43) 823-33-96<\/address>\n<address>\u00a0<\/address>\n<address><strong>ZAK\u0141AD CUKIERNICZY WITCZAK &amp; POKORA S.C.<\/strong><\/address>\n<address><strong>E. Pokora, W. Pokora &#8211; Bogusz<\/strong><\/address>\n<address>ul. Szkolna 14<\/address>\n<address>98-220 Zdu\u0144ska Wola<\/address>\n<address>tel. (43) 823-25-71<\/address>\n","protected":false},"excerpt":{"rendered":"<p>&#8222;ZAK\u0141AD CUKIERNICZY MAREK BLADOWSKI&#8221; Sp. z o.o. ul. Ko\u015bcielna 12 98-220 Zdu\u0144ska Wola tel. (43) 823-26-86 www.bladowski.com.pl \u00a0 &#8222;Grejdi&#8221; &#8211; Dymi\u0144scy Sp.J. ul. Spacerowa 89 98-220 Zdu\u0144ska Wola tel. (43) 823-22-49 www.grejdi.zd-wola.pl \u00a0 P\u0104CZKARNIA OGI\u0143SKIEGO Piotr Ogi\u0144ski ul. \u0141aska 45 a 98-220 Zdu\u0144ska Wola tel. (43) 823-33-96 \u00a0 ZAK\u0141AD CUKIERNICZY WITCZAK &amp; POKORA S.C. E. [&hellip;]<\/p>\n","protected":false},"author":1,"featured_media":0,"parent":2,"menu_order":7,"comment_status":"closed","ping_status":"closed","template":"","meta":{"pgc_sgb_lightbox_settings":"","footnotes":""},"_links":{"self":[{"href":"https:\/\/cechzdunskawola.pl\/index.php?rest_route=\/wp\/v2\/pages\/131"}],"collection":[{"href":"https:\/\/cechzdunskawola.pl\/index.php?rest_route=\/wp\/v2\/pages"}],"about":[{"href":"https:\/\/cechzdunskawola.pl\/index.php?rest_route=\/wp\/v2\/types\/page"}],"author":[{"embeddable":true,"href":"https:\/\/cechzdunskawola.pl\/index.php?rest_route=\/wp\/v2\/users\/1"}],"replies":[{"embeddable":true,"href":"https:\/\/cechzdunskawola.pl\/index.php?rest_route=%2Fwp%2Fv2%2Fcomments&post=131"}],"version-history":[{"count":16,"href":"https:\/\/cechzdunskawola.pl\/index.php?rest_route=\/wp\/v2\/pages\/131\/revisions"}],"predecessor-version":[{"id":2706,"href":"https:\/\/cechzdunskawola.pl\/index.php?rest_route=\/wp\/v2\/pages\/131\/revisions\/2706"}],"up":[{"embeddable":true,"href":"https:\/\/cechzdunskawola.pl\/index.php?rest_route=\/wp\/v2\/pages\/2"}],"wp:attachment":[{"href":"https:\/\/cechzdunskawola.pl\/index.php?rest_route=%2Fwp%2Fv2%2Fmedia&parent=131"}],"curies":[{"name":"wp","href":"https:\/\/api.w.org\/{rel}","templated":true}]}}